{"id":1238,"date":"2016-11-28T23:47:59","date_gmt":"2016-11-28T22:47:59","guid":{"rendered":"http:\/\/elcabilo.com\/larxiu\/?page_id=1238"},"modified":"2026-04-04T13:44:00","modified_gmt":"2026-04-04T11:44:00","slug":"qui-som","status":"publish","type":"page","link":"https:\/\/elcabilo.com\/larxiu\/qui-som\/","title":{"rendered":"Qui som"},"content":{"rendered":"<p>El poble de Sella compta amb un vast\u00edssim material etnol\u00f2gic i cultural que si no es recull i s\u2019estudia pot caure en l\u2019oblit. Arran d\u2019aquest plantejament, naix la iniciativa de crear un arxiu que vaja m\u00e9s enll\u00e0 del mer espai f\u00edsic on aplegar tota aquesta informaci\u00f3. I \u00e9s que l\u2019Arxiu de Sella pret\u00e9n consolidar-se com a <strong>col\u00b7lectiu de persones interessades en recuperar i difondre el patrimoni material i immaterial de la localitat<\/strong>. <strong>El prop\u00f2sit d\u2019aquest projecte, doncs, \u00e9s recollir i inventariar tots aquells elements culturals que donen sentit al nostre passat i a la nostra exist\u00e8ncia com a poble mil\u00b7lenari de la serra d\u2019Aitana.<\/strong><\/p>\n<p>L\u2019inter\u00e9s de l\u2019Arxiu \u00e9s molt ampli, ja\u00a0que abra\u00e7a des de documents hist\u00f2rics fins a mem\u00f2ria oral (recollida d\u2019entrevistes), tot\u00a0passant per fotografies, manifestacions art\u00edstiques i religioses del nostre passat, inscripcions, gravats\u00a0o graffitis,\u00a0 aix\u00ed com tamb\u00e9 dites populars i d\u2019altres mostres de material etnopo\u00e8tic, onom\u00e0stic (topon\u00edmia i antropon\u00edmia), arquitect\u00f2nic (arquitectura rural i urbana), esportiu (pilota valenciana i d\u2019altres esports), etnol\u00f2gic (oficis, conreus i t\u00e8cniques agr\u00edcoles i ramaderes tradicionals) i, en definitiva, qualsevol altra dada digna de ser recollida i estudiada.<\/p>\n<p>A m\u00e9s, <strong>aquest<\/strong> <strong>espai de recuperaci\u00f3 i estudi ha d\u2019aprofitar, alhora, per a conscienciar els ve\u00efns i les institucions p\u00fabliques i privades de la necessitat de conservar aquests b\u00e9ns<\/strong>, de vegades poc valorats o directament oblidats. Per tant, una tasca fonamental de l\u2019Arxiu \u00e9s la de la difusi\u00f3, b\u00e9 siga trav\u00e9s de publicacions de caire cultural i cient\u00edfic, o b\u00e9 mitjan\u00e7ant revistes de car\u00e0cter m\u00e9s aviat restringit, com\u00a0ara les diverses publicacions locals.<\/p>\n<p>Finalment, la creaci\u00f3 de l\u2019Arxiu possibilita l\u2019exist\u00e8ncia d\u2019una eina de consulta per a tots aquells que vulguen iniciar-se en la investigaci\u00f3 de qualsevol tema relacionat amb el patrimoni del poble.<\/p>\n<p>I \u00e9s que un poble amb una riquesa cultural i paisatg\u00edstica incalculable com \u00e9s Sella necessita d\u2019una iniciativa\u00a0que implique\u00a0com m\u00e9s gent millor.<\/p>\n<p>Vos animeu a participar-hi?<\/p>\n<p style=\"text-align: right;\">Sella, octubre de 2011<\/p>\n<p>Des de la nostra constituci\u00f3, a finals de 2011, destaquem les seg\u00fcents activitats:<\/p>\n<ul>\n<li>El present blog, amb m\u00e9s de 200 entrades<\/li>\n<li>Les seg\u00fcents exposicions:\n<ul>\n<li><em>Els Carrers de la Mem\u00f2ria<\/em> (Ajuntament Vell, 2011)<\/li>\n<li><em>Cent anys d&#8217;industria i comer\u00e7 a Sella<\/em> (Casa Abadia, 2012)<\/li>\n<li><em>1920-1929. Sella en els inicis de la Modernitat<\/em> (L&#8217;Estanc, 2013)<\/li>\n<li><em>El Fons fotogr\u00e0fic Juan B. Espasa<\/em> (1926-1950) (L&#8217;Estanc, 2013)<\/li>\n<li><em>La Fe, l&#8217;Esperan\u00e7a, la Caritat i les Bones Obres. Les escultures del Pante\u00f3<\/em>\u00a0(Esl\u00e9sia de Santa Anna, 2016)<\/li>\n<li><em>La Rapella. Un mas singular d&#8217;Aitana<\/em> (Ajuntament, 2016)<\/li>\n<li><em>La mem\u00f2ria del carrer Jes\u00fas<\/em> (carrer Jes\u00fas, 2018 i 2022)<\/li>\n<li><em>En el Pais de l&#8217;Ametla<\/em> (Ajuntament Vell, 2018)<\/li>\n<li><em>El Cine Avenida<\/em> (Pla\u00e7a Major, 2019)<\/li>\n<li><em>Estampetes per al record. La col\u00b7lecci\u00f3 de l&#8217;Arxiu<\/em> (Ajuntament, 2025)<\/li>\n<li><em>Sella, 1973. Fotografies de Mario Guillam\u00f3n<\/em> (Ajuntament, 2025)<\/li>\n<li><em>Temps de Matances<\/em> (Pla\u00e7a Major, 2026)<\/li>\n<li>El pi de Sagnon, testimoni del segle XX (Ajuntament, 2026)<\/li>\n<\/ul>\n<\/li>\n<\/ul>\n<ul>\n<li>Participant amb documentaci\u00f3 local i panells propis en les seg\u00fcents exposicions:\n<ul>\n<li><em>Personatges de la Marina Baixa. Segle XIX<\/em> (AEMaBa, 2014)<\/li>\n<li><em>Orxeta al segle XIX. Fotografies d&#8217;\u00c1ngel Llorca<\/em> (Ajuntament d&#8217;Orxeta, 2015)<\/li>\n<li><em>Llapis, papers i bombes (1936-1939)<\/em> (Universitat d&#8217;Alacant, 2017)<\/li>\n<li><em>Paco Cabanes &#8220;El Genov\u00e9s&#8221; i Sella<\/em> (Club de Pilota Sella, 2017)<\/li>\n<li><em>Valencians a Nova York<\/em> (Universitat d&#8217;Alacant, 2019)<\/li>\n<li><em>Dones de la Marina Baixa<\/em> (Ajuntament de l&#8217;Alf\u00e0s del Pi, 2020)<\/li>\n<\/ul>\n<\/li>\n<\/ul>\n<ul>\n<li>El programa de r\u00e0dio <a href=\"https:\/\/elcabilo.com\/radio\/category\/programes\/larxiu-de-la-memoria\/\"><em>L&#8217;Arxiu de la Mem\u00f2ria<\/em><\/a> (Cabil\u00f2 R\u00e0dio, 10 programes documentals, 2013-2014)<\/li>\n<\/ul>\n<ul>\n<li>Diferents publicacions en la revista de Festes de Sella, revista <em>Sarri\u00e0<\/em>, <em>Benesit<\/em> i altres<\/li>\n<li>El triptic &#8220;<em>Sella en 1905<\/em>&#8221; explicatiu de la fotografia d&#8217;\u00c0ngel Llorca (Comissi\u00f3 de Festes Divina Aurora &#8211; Arxiu de Sella, 2015)<\/li>\n<li>El cat\u00e0leg\u00a0<a href=\"http:\/\/hdl.handle.net\/10045\/154931\"><em>1920-1929. Sella en els inicis de la Modernitat<\/em><\/a> (Arxiu de Sella &#8211; Associaci\u00f3 d&#8217;Estudis de la Marina Baixa, 2017)<\/li>\n<li>Distints<a href=\"https:\/\/elcabilo.com\/larxiu\/fons-documentals\/\"><em> Anuaris de l&#8217;Arxiu <\/em><\/a>on recopilem els escrits del blog, amb la col\u00b7laboraci\u00f3 de l&#8217;Associaci\u00f3 d&#8217;Estudis de la Marina Baixa.<\/li>\n<li>Redacci\u00f3 de panells turistics sobre patrimoni de Sella, realitzats per l&#8217;ajuntament (2023)<\/li>\n<li>El documental <a href=\"https:\/\/www.youtube.com\/watch?v=pjnnWybBpDA\"><em>Somni d&#8217;una nit d&#8217;estiu. 50 anys del Festival de Sella<\/em><\/a> (2018)<\/li>\n<li>La <strong>recreaci\u00f3 hist\u00f2rica<\/strong> de <em>la Pocess\u00f3 de les Eines<\/em> (1888) (Fira de Mostres, any 2019)<\/li>\n<li>Participaci\u00f3, aportant documentaci\u00f3 en jornades de recuperaci\u00f3 de la mem\u00f2ria de les dones de Sella per al 8 de mar\u00e7 (amb l&#8217;ajuntament, 2023), el llibre &#8220;Pepa Rosa&#8221; de Lluis Soler (2023), el documental <a href=\"https:\/\/www.youtube.com\/watch?v=b_OJ_Da-n9k\">La Banda Sonora d&#8217;un Poble<\/a> (Jaume Soriano, 2024) o l&#8217;acte de recuperaci\u00f3 de cobles antigues de l&#8217;Aurora, en col\u00b7laboraci\u00f3 amb la Rondalla de Sella (Fira de Mostres, any 2024).<\/li>\n<li>El llibre-cat\u00e0leg <a href=\"http:\/\/hdl.handle.net\/10045\/161706\"><em>La pedra en sec a Sella. Bases per a un cat\u00e0leg de protecci\u00f3<\/em><\/a>. (Associaci\u00f3 d&#8217;Estudis de la Marina Baixa-Arxiu de Sella, 2025).<\/li>\n<li>Hem participat en la redacci\u00f3 del llibre <em>Sella, un poble de rutes<\/em> (Ajuntament de Sella, 2026), amb documentaci\u00f3 i redacci\u00f3 d&#8217;algunes parts.<\/li>\n<li>Tamb\u00e9 gestionem una p\u00e0gina a Facebook (@larxiudesella) i un canal de <a href=\"https:\/\/www.youtube.com\/user\/larxiudesella\">Youtube<\/a><\/li>\n<li>Redactem i millorem diferents p\u00e0gines relatives a Sella (personatges, baronia&#8230;) a la <strong>Wikipedia<\/strong><\/li>\n<\/ul>\n<p>La nostra seu es troba a l&#8217;edifici de l&#8217;Ajuntament Vell (Pla\u00e7a Major, 16, 03579, Sella &#8211; Alacant)<\/p>\n","protected":false},"excerpt":{"rendered":"<p>El poble de Sella compta amb un vast\u00edssim material etnol\u00f2gic i cultural que si no es recull i s\u2019estudia pot<\/p>\n","protected":false},"author":218,"featured_media":0,"parent":0,"menu_order":0,"comment_status":"closed","ping_status":"closed","template":"","meta":{"_exactmetrics_skip_tracking":false,"_exactmetrics_sitenote_active":false,"_exactmetrics_sitenote_note":"","_exactmetrics_sitenote_category":0,"footnotes":""},"class_list":["post-1238","page","type-page","status-publish","hentry","comments-off"],"aioseo_notices":[],"_links":{"self":[{"href":"https:\/\/elcabilo.com\/larxiu\/wp-json\/wp\/v2\/pages\/1238","targetHints":{"allow":["GET"]}}],"collection":[{"href":"https:\/\/elcabilo.com\/larxiu\/wp-json\/wp\/v2\/pages"}],"about":[{"href":"https:\/\/elcabilo.com\/larxiu\/wp-json\/wp\/v2\/types\/page"}],"author":[{"embeddable":true,"href":"https:\/\/elcabilo.com\/larxiu\/wp-json\/wp\/v2\/users\/218"}],"replies":[{"embeddable":true,"href":"https:\/\/elcabilo.com\/larxiu\/wp-json\/wp\/v2\/comments?post=1238"}],"version-history":[{"count":26,"href":"https:\/\/elcabilo.com\/larxiu\/wp-json\/wp\/v2\/pages\/1238\/revisions"}],"predecessor-version":[{"id":2985,"href":"https:\/\/elcabilo.com\/larxiu\/wp-json\/wp\/v2\/pages\/1238\/revisions\/2985"}],"wp:attachment":[{"href":"https:\/\/elcabilo.com\/larxiu\/wp-json\/wp\/v2\/media?parent=1238"}],"curies":[{"name":"wp","href":"https:\/\/api.w.org\/{rel}","templated":true}]}}