{"id":21,"date":"2008-04-07T19:28:40","date_gmt":"2008-04-07T17:28:40","guid":{"rendered":"http:\/\/elcabilo.com\/pilota\/"},"modified":"2014-02-10T20:56:41","modified_gmt":"2014-02-10T19:56:41","slug":"sella-b","status":"publish","type":"page","link":"https:\/\/elcabilo.com\/pilota\/sella-b\/","title":{"rendered":"1\u00aa PALMA"},"content":{"rendered":"<p>Despr\u00e9s de caure la passada temporada en semifinals contra Murla, aquesta temporada l&#8217;equip vol seguir estant en les posicions capdavanteres de la classificaci\u00f3. Des de l&#8217;ascens en el 2008 hem aconseguit <strong>2 t\u00edtols<\/strong>, 1 subcampionat i 2 tercers llocs. La Lliga enguany es preveu apretada i igualada, aix\u00ed com emocionant. Seran molts els equips que voldran estar en les semifinals. <strong>Jorge, Quico, Adolfo II, Barraca i Pau<\/strong> afronten la temporada amb <strong>molta energia i il\u00b7lusi\u00f3<\/strong>.<\/p>\n<p style=\"text-align: justify\" align=\"justify\"><a href=\"https:\/\/elcabilo.com\/pilota\/files\/2008\/04\/IMG_5474.jpg\"><img loading=\"lazy\" decoding=\"async\" class=\"aligncenter size-full wp-image-1584\" alt=\"IMG_5474\" src=\"https:\/\/elcabilo.com\/pilota\/files\/2008\/04\/IMG_5474.jpg\" width=\"551\" height=\"418\" srcset=\"https:\/\/elcabilo.com\/pilota\/files\/2008\/04\/IMG_5474.jpg 551w, https:\/\/elcabilo.com\/pilota\/files\/2008\/04\/IMG_5474-300x227.jpg 300w\" sizes=\"auto, (max-width: 551px) 100vw, 551px\" \/><\/a><\/p>\n<p>&nbsp;<\/p>\n","protected":false},"excerpt":{"rendered":"<p>Despr\u00e9s de caure la passada temporada en semifinals contra Murla, aquesta temporada l&#8217;equip vol seguir estant en les posicions capdavanteres de la classificaci\u00f3. Des de l&#8217;ascens en el 2008 hem aconseguit 2 t\u00edtols, 1 subcampionat i 2 tercers llocs. La Lliga enguany es preveu apretada i igualada, aix\u00ed com emocionant. Seran molts els equips que [&hellip;]<\/p>\n","protected":false},"author":9,"featured_media":0,"parent":0,"menu_order":0,"comment_status":"open","ping_status":"open","template":"","meta":{"_exactmetrics_skip_tracking":false,"_exactmetrics_sitenote_active":false,"_exactmetrics_sitenote_note":"","_exactmetrics_sitenote_category":0,"footnotes":""},"class_list":["post-21","page","type-page","status-publish","hentry"],"aioseo_notices":[],"_links":{"self":[{"href":"https:\/\/elcabilo.com\/pilota\/wp-json\/wp\/v2\/pages\/21","targetHints":{"allow":["GET"]}}],"collection":[{"href":"https:\/\/elcabilo.com\/pilota\/wp-json\/wp\/v2\/pages"}],"about":[{"href":"https:\/\/elcabilo.com\/pilota\/wp-json\/wp\/v2\/types\/page"}],"author":[{"embeddable":true,"href":"https:\/\/elcabilo.com\/pilota\/wp-json\/wp\/v2\/users\/9"}],"replies":[{"embeddable":true,"href":"https:\/\/elcabilo.com\/pilota\/wp-json\/wp\/v2\/comments?post=21"}],"version-history":[{"count":0,"href":"https:\/\/elcabilo.com\/pilota\/wp-json\/wp\/v2\/pages\/21\/revisions"}],"wp:attachment":[{"href":"https:\/\/elcabilo.com\/pilota\/wp-json\/wp\/v2\/media?parent=21"}],"curies":[{"name":"wp","href":"https:\/\/api.w.org\/{rel}","templated":true}]}}