{"id":581,"date":"2010-01-27T21:58:53","date_gmt":"2010-01-27T20:58:53","guid":{"rendered":"http:\/\/elcabilo.com\/pilota\/?page_id=581"},"modified":"2018-02-19T20:13:21","modified_gmt":"2018-02-19T19:13:21","slug":"palmares-del-club","status":"publish","type":"page","link":"https:\/\/elcabilo.com\/pilota\/palmares-del-club\/","title":{"rendered":"PALMAR\u00c9S DEL CLUB"},"content":{"rendered":"<p><span style=\"text-decoration: underline\"><strong>PALMAR\u00c8S CLUB DE PILOTA SELLA<\/strong><\/span>\u00a0(<strong>1983-2017)<\/strong><\/p>\n<ul>\n<li>Campions Lliga a Llargues Primera 2014, 2015<\/li>\n<li>Campions Supercopa Joc a Ratlles 2018<\/li>\n<li>Campions Lliga Perxa Primera 1986, 1992, 1996, 2007, 2008, 2013, 2014, 2015, 2016, 2017<\/li>\n<li>Campions Lliga Perxa Segona 2006, 2008, 2016, 2017<\/li>\n<li>Campions Lliga Llargues Segona 1998, 2012, 2017<\/li>\n<li>Campions Lliga Llargues Juvenil\u00a0 1987, 2005, 2006, 2007, 2008, 2010<\/li>\n<li>Campions Lliga Palma Primera 2010, 2012<\/li>\n<li>Campions Lliga Palma Segona\u00a0 2003, 2008,<\/li>\n<li>Campions Lliga Palma Tercera 2012<\/li>\n<li>Campions Provincial Galotxa \u201cEl Corte Ingles\u201d Primera 1987<\/li>\n<li>Campions Copa Generalitat Galotxa Juvenils 2007, 2011<\/li>\n<li>Campi\u00f3 Ruralcaixa Raspall Tercera 2004<\/li>\n<li>Campions escala i corda Tercera 2009<\/li>\n<li>Campions Torneig de Benidorm Galotxa 1995, 2004<\/li>\n<li>Campions Torneig de Benidorm Llargues 2007, 2009<\/li>\n<li>Campions Torneig de Finestrat Llargues 2001<\/li>\n<li>Campions Torneig de Finestrat Palma 2006<\/li>\n<li>Campions Torneig de Castells Palma 2010<\/li>\n<li>Campi\u00f3 (Jaume Rubio) del Caixa Popular Promoci\u00f3 d\u2019Escala i Corda\u00a0 2002<\/li>\n<li>Campions (Pablo, Pau i Jes\u00fas) Caixa Popular Juvenil escala i corda 2009<\/li>\n<li>Campi\u00f3 (Pablo Vidal) del Individual sub-16 de raspall 2008<\/li>\n<li>Campi\u00f3 (Pablo Vidal) del Individual sub-18 raspall 2009<\/li>\n<li>Campi\u00f3 (Pablo Vidal) del Juvenil equips de raspall 2008<\/li>\n<li>Campi\u00f3 (Pablo Vidal) Europa Selecci\u00f3 Valenciana 2010<\/li>\n<li>Campi\u00f3 (Pablo Vidal) M\u00f3n Selecci\u00f3 Valenciana 2014<\/li>\n<li>Campi\u00f3 (Jes\u00fas Vidal) Copa II Diputaci\u00f3 de Val\u00e8ncia d&#8217;Escala i Corda 2013<\/li>\n<li>Campi\u00f3 (Jordi Alemany) Copa Promeses Diputaci\u00f3 d&#8217; Alacant d&#8217;Escala i Corda 2014<\/li>\n<li>Campi\u00f3 (Jordi Alemany) Copa II Diputaci\u00f3 de Val\u00e8ncia d&#8217;Escala i Corda 2014<\/li>\n<li>Campi\u00f3 (Pablo Vidal) Trofeu de Benissa Escala i Corda Professionals 2012, 2014, 2015 i 2016<\/li>\n<\/ul>\n<p>A m\u00e9s dels t\u00edtols guanyats tamb\u00e9 s\u2019han aconseguit nombrosos subcampionats.<\/p>\n<p>L\u2019escola de Pilota tamb\u00e9 ha guanyat JECV en totes les categories.<\/p>\n<p>Per\u00f2 a m\u00e9s dels t\u00edtols, Sella destaca per la seua afici\u00f3 que ompli el carrer cada cap de setmana.<\/p>\n","protected":false},"excerpt":{"rendered":"<p>PALMAR\u00c8S CLUB DE PILOTA SELLA\u00a0(1983-2017) Campions Lliga a Llargues Primera 2014, 2015 Campions Supercopa Joc a Ratlles 2018 Campions Lliga Perxa Primera 1986, 1992, 1996, 2007, 2008, 2013, 2014, 2015, 2016, 2017 Campions Lliga Perxa Segona 2006, 2008, 2016, 2017 Campions Lliga Llargues Segona 1998, 2012, 2017 Campions Lliga Llargues Juvenil\u00a0 1987, 2005, 2006, 2007, [&hellip;]<\/p>\n","protected":false},"author":20,"featured_media":0,"parent":0,"menu_order":0,"comment_status":"open","ping_status":"open","template":"","meta":{"_exactmetrics_skip_tracking":false,"_exactmetrics_sitenote_active":false,"_exactmetrics_sitenote_note":"","_exactmetrics_sitenote_category":0,"footnotes":""},"class_list":["post-581","page","type-page","status-publish","hentry"],"aioseo_notices":[],"_links":{"self":[{"href":"https:\/\/elcabilo.com\/pilota\/wp-json\/wp\/v2\/pages\/581","targetHints":{"allow":["GET"]}}],"collection":[{"href":"https:\/\/elcabilo.com\/pilota\/wp-json\/wp\/v2\/pages"}],"about":[{"href":"https:\/\/elcabilo.com\/pilota\/wp-json\/wp\/v2\/types\/page"}],"author":[{"embeddable":true,"href":"https:\/\/elcabilo.com\/pilota\/wp-json\/wp\/v2\/users\/20"}],"replies":[{"embeddable":true,"href":"https:\/\/elcabilo.com\/pilota\/wp-json\/wp\/v2\/comments?post=581"}],"version-history":[{"count":7,"href":"https:\/\/elcabilo.com\/pilota\/wp-json\/wp\/v2\/pages\/581\/revisions"}],"predecessor-version":[{"id":2230,"href":"https:\/\/elcabilo.com\/pilota\/wp-json\/wp\/v2\/pages\/581\/revisions\/2230"}],"wp:attachment":[{"href":"https:\/\/elcabilo.com\/pilota\/wp-json\/wp\/v2\/media?parent=581"}],"curies":[{"name":"wp","href":"https:\/\/api.w.org\/{rel}","templated":true}]}}